{"id":140,"date":"2026-02-12T14:34:05","date_gmt":"2026-02-12T13:34:05","guid":{"rendered":"https:\/\/www.olfrygt.pl\/fundacja\/?page_id=140"},"modified":"2026-03-05T19:38:52","modified_gmt":"2026-03-05T18:38:52","slug":"festiwal","status":"publish","type":"page","link":"https:\/\/www.olfrygt.pl\/fundacja\/strona-glowna\/festiwal\/","title":{"rendered":"Festiwal"},"content":{"rendered":"\t\t<div data-elementor-type=\"wp-page\" data-elementor-id=\"140\" class=\"elementor elementor-140\" data-elementor-post-type=\"page\">\n\t\t\t\t<div class=\"elementor-element elementor-element-0036b08 e-flex e-con-boxed e-con e-parent\" data-id=\"0036b08\" data-element_type=\"container\" data-e-type=\"container\" data-settings=\"{&quot;background_background&quot;:&quot;classic&quot;}\">\n\t\t\t\t\t<div class=\"e-con-inner\">\n\t\t\t\t<div class=\"elementor-element elementor-element-413adce elementor-widget elementor-widget-heading\" data-id=\"413adce\" data-element_type=\"widget\" data-e-type=\"widget\" data-widget_type=\"heading.default\">\n\t\t\t\t\t<p class=\"elementor-heading-title elementor-size-default\">\u2619 <span style=\"color: #32241B\">Festiwal<\/span> \u2767<\/p>\t\t\t\t<\/div>\n\t\t\t\t<div class=\"elementor-element elementor-element-23321f4 elementor-widget elementor-widget-text-editor\" data-id=\"23321f4\" data-element_type=\"widget\" data-e-type=\"widget\" data-widget_type=\"text-editor.default\">\n\t\t\t\t\t\t\t\t\tCorocznie organizujemy wydarzenia przybli\u017caj\u0105ce kultur\u0119 wczesnego \u015bredniowiecza. Pokazy walk, warsztaty rzemie\u015blnicze, muzyka i kuchnia z epoki.\t\t\t\t\t\t\t\t<\/div>\n\t\t\t\t\t<\/div>\n\t\t\t\t<\/div>\n\t\t<div class=\"elementor-element elementor-element-bbf4d4e e-flex e-con-boxed e-con e-parent\" data-id=\"bbf4d4e\" data-element_type=\"container\" data-e-type=\"container\" data-settings=\"{&quot;background_background&quot;:&quot;classic&quot;}\">\n\t\t\t\t\t<div class=\"e-con-inner\">\n\t\t\t\t<div class=\"elementor-element elementor-element-9494ef1 elementor-widget elementor-widget-image\" data-id=\"9494ef1\" data-element_type=\"widget\" data-e-type=\"widget\" data-widget_type=\"image.default\">\n\t\t\t\t\t\t\t\t\t\t\t\t\t\t\t<img fetchpriority=\"high\" decoding=\"async\" width=\"1600\" height=\"40\" src=\"https:\/\/www.olfrygt.pl\/fundacja\/wp-content\/uploads\/olfrygt-band.webp\" class=\"attachment-full size-full wp-image-232\" alt=\"\" srcset=\"https:\/\/www.olfrygt.pl\/fundacja\/wp-content\/uploads\/olfrygt-band.webp 1600w, https:\/\/www.olfrygt.pl\/fundacja\/wp-content\/uploads\/olfrygt-band-300x8.webp 300w, https:\/\/www.olfrygt.pl\/fundacja\/wp-content\/uploads\/olfrygt-band-1024x26.webp 1024w, https:\/\/www.olfrygt.pl\/fundacja\/wp-content\/uploads\/olfrygt-band-768x19.webp 768w, https:\/\/www.olfrygt.pl\/fundacja\/wp-content\/uploads\/olfrygt-band-1536x38.webp 1536w\" sizes=\"(max-width: 1600px) 100vw, 1600px\" \/>\t\t\t\t\t\t\t\t\t\t\t\t\t\t\t<\/div>\n\t\t\t\t\t<\/div>\n\t\t\t\t<\/div>\n\t\t<div class=\"elementor-element elementor-element-a8da46e e-flex e-con-boxed e-con e-parent\" data-id=\"a8da46e\" data-element_type=\"container\" data-e-type=\"container\" data-settings=\"{&quot;background_background&quot;:&quot;classic&quot;}\">\n\t\t\t\t\t<div class=\"e-con-inner\">\n\t\t\t\t<div class=\"elementor-element elementor-element-20ec1aa elementor-widget elementor-widget-heading\" data-id=\"20ec1aa\" data-element_type=\"widget\" data-e-type=\"widget\" data-widget_type=\"heading.default\">\n\t\t\t\t\t<p class=\"elementor-heading-title elementor-size-default\">\u2619 <span style=\"color: #32241B\">Nadchodz\u0105ce wydarzenie<\/span> \u2767<\/p>\t\t\t\t<\/div>\n\t\t<div class=\"elementor-element elementor-element-424e268 e-con-full e-flex e-con e-child\" data-id=\"424e268\" data-element_type=\"container\" data-e-type=\"container\" data-settings=\"{&quot;background_background&quot;:&quot;gradient&quot;}\">\n\t\t\t\t<div class=\"elementor-element elementor-element-647e218 elementor-widget elementor-widget-heading\" data-id=\"647e218\" data-element_type=\"widget\" data-e-type=\"widget\" data-widget_type=\"heading.default\">\n\t\t\t\t\t<div class=\"elementor-heading-title elementor-size-default\">2025<\/div>\t\t\t\t<\/div>\n\t\t<div class=\"elementor-element elementor-element-10d4081 e-con-full e-flex e-con e-child\" data-id=\"10d4081\" data-element_type=\"container\" data-e-type=\"container\">\n\t\t\t\t<div class=\"elementor-element elementor-element-1687eba elementor-widget elementor-widget-heading\" data-id=\"1687eba\" data-element_type=\"widget\" data-e-type=\"widget\" data-widget_type=\"heading.default\">\n\t\t\t\t\t<p class=\"elementor-heading-title elementor-size-default\">Festiwal S\u0142owia\u0144ski w Osadzie Racibory<\/p>\t\t\t\t<\/div>\n\t\t\t\t<div class=\"elementor-element elementor-element-cf3c071 elementor-icon-list--layout-inline elementor-list-item-link-full_width elementor-widget elementor-widget-icon-list\" data-id=\"cf3c071\" data-element_type=\"widget\" data-e-type=\"widget\" data-widget_type=\"icon-list.default\">\n\t\t\t\t\t\t\t<ul class=\"elementor-icon-list-items elementor-inline-items\">\n\t\t\t\t\t\t\t<li class=\"elementor-icon-list-item elementor-inline-item\">\n\t\t\t\t\t\t\t\t\t\t\t<span class=\"elementor-icon-list-icon\">\n\t\t\t\t\t\t\t<svg aria-hidden=\"true\" class=\"e-font-icon-svg e-far-calendar\" viewBox=\"0 0 448 512\" xmlns=\"http:\/\/www.w3.org\/2000\/svg\"><path d=\"M400 64h-48V12c0-6.6-5.4-12-12-12h-40c-6.6 0-12 5.4-12 12v52H160V12c0-6.6-5.4-12-12-12h-40c-6.6 0-12 5.4-12 12v52H48C21.5 64 0 85.5 0 112v352c0 26.5 21.5 48 48 48h352c26.5 0 48-21.5 48-48V112c0-26.5-21.5-48-48-48zm-6 400H54c-3.3 0-6-2.7-6-6V160h352v298c0 3.3-2.7 6-6 6z\"><\/path><\/svg>\t\t\t\t\t\t<\/span>\n\t\t\t\t\t\t\t\t\t\t<span class=\"elementor-icon-list-text\"><strong>Data<\/strong><br>Lipiec 2025<\/span>\n\t\t\t\t\t\t\t\t\t<\/li>\n\t\t\t\t\t\t\t\t<li class=\"elementor-icon-list-item elementor-inline-item\">\n\t\t\t\t\t\t\t\t\t\t\t<span class=\"elementor-icon-list-icon\">\n\t\t\t\t\t\t\t<svg aria-hidden=\"true\" class=\"e-font-icon-svg e-fas-map-marker-alt\" viewBox=\"0 0 384 512\" xmlns=\"http:\/\/www.w3.org\/2000\/svg\"><path d=\"M172.268 501.67C26.97 291.031 0 269.413 0 192 0 85.961 85.961 0 192 0s192 85.961 192 192c0 77.413-26.97 99.031-172.268 309.67-9.535 13.774-29.93 13.773-39.464 0zM192 272c44.183 0 80-35.817 80-80s-35.817-80-80-80-80 35.817-80 80 35.817 80 80 80z\"><\/path><\/svg>\t\t\t\t\t\t<\/span>\n\t\t\t\t\t\t\t\t\t\t<span class=\"elementor-icon-list-text\"><strong>Miejsce<\/strong><br>Osada Racibory<\/span>\n\t\t\t\t\t\t\t\t\t<\/li>\n\t\t\t\t\t\t\t\t<li class=\"elementor-icon-list-item elementor-inline-item\">\n\t\t\t\t\t\t\t\t\t\t\t<span class=\"elementor-icon-list-icon\">\n\t\t\t\t\t\t\t<svg aria-hidden=\"true\" class=\"e-font-icon-svg e-fas-users\" viewBox=\"0 0 640 512\" xmlns=\"http:\/\/www.w3.org\/2000\/svg\"><path d=\"M96 224c35.3 0 64-28.7 64-64s-28.7-64-64-64-64 28.7-64 64 28.7 64 64 64zm448 0c35.3 0 64-28.7 64-64s-28.7-64-64-64-64 28.7-64 64 28.7 64 64 64zm32 32h-64c-17.6 0-33.5 7.1-45.1 18.6 40.3 22.1 68.9 62 75.1 109.4h66c17.7 0 32-14.3 32-32v-32c0-35.3-28.7-64-64-64zm-256 0c61.9 0 112-50.1 112-112S381.9 32 320 32 208 82.1 208 144s50.1 112 112 112zm76.8 32h-8.3c-20.8 10-43.9 16-68.5 16s-47.6-6-68.5-16h-8.3C179.6 288 128 339.6 128 403.2V432c0 26.5 21.5 48 48 48h288c26.5 0 48-21.5 48-48v-28.8c0-63.6-51.6-115.2-115.2-115.2zm-223.7-13.4C161.5 263.1 145.6 256 128 256H64c-35.3 0-64 28.7-64 64v32c0 17.7 14.3 32 32 32h65.9c6.3-47.4 34.9-87.3 75.2-109.4z\"><\/path><\/svg>\t\t\t\t\t\t<\/span>\n\t\t\t\t\t\t\t\t\t\t<span class=\"elementor-icon-list-text\"><strong>Uczestnik\u00f3w<\/strong><br>Wst\u0119p wolny<\/span>\n\t\t\t\t\t\t\t\t\t<\/li>\n\t\t\t\t\t\t<\/ul>\n\t\t\t\t\t\t<\/div>\n\t\t\t\t<div class=\"elementor-element elementor-element-551143a elementor-widget elementor-widget-text-editor\" data-id=\"551143a\" data-element_type=\"widget\" data-e-type=\"widget\" data-widget_type=\"text-editor.default\">\n\t\t\t\t\t\t\t\t\t<p>Zapraszamy na coroczny Festiwal S\u0142owia\u0144ski! Podczas wydarzenia b\u0119dziecie mogli zobaczy\u0107 pokazy walk wczesno\u015bredniowiecznych, wzi\u0105\u0107 udzia\u0142 w warsztatach rzemie\u015blniczych, pos\u0142ucha\u0107 muzyki z epoki i spr\u00f3bowa\u0107 potraw przygotowanych wed\u0142ug historycznych receptur.<\/p>\t\t\t\t\t\t\t\t<\/div>\n\t\t\t\t<\/div>\n\t\t\t\t<\/div>\n\t\t\t\t\t<\/div>\n\t\t\t\t<\/div>\n\t\t<div class=\"elementor-element elementor-element-ef9c0f3 e-flex e-con-boxed e-con e-parent\" data-id=\"ef9c0f3\" data-element_type=\"container\" data-e-type=\"container\" data-settings=\"{&quot;background_background&quot;:&quot;classic&quot;}\">\n\t\t\t\t\t<div class=\"e-con-inner\">\n\t\t\t\t<div class=\"elementor-element elementor-element-4ca7f38 elementor-widget elementor-widget-image\" data-id=\"4ca7f38\" data-element_type=\"widget\" data-e-type=\"widget\" data-widget_type=\"image.default\">\n\t\t\t\t\t\t\t\t\t\t\t\t\t\t\t<img fetchpriority=\"high\" decoding=\"async\" width=\"1600\" height=\"40\" src=\"https:\/\/www.olfrygt.pl\/fundacja\/wp-content\/uploads\/olfrygt-band.webp\" class=\"attachment-full size-full wp-image-232\" alt=\"\" srcset=\"https:\/\/www.olfrygt.pl\/fundacja\/wp-content\/uploads\/olfrygt-band.webp 1600w, https:\/\/www.olfrygt.pl\/fundacja\/wp-content\/uploads\/olfrygt-band-300x8.webp 300w, https:\/\/www.olfrygt.pl\/fundacja\/wp-content\/uploads\/olfrygt-band-1024x26.webp 1024w, https:\/\/www.olfrygt.pl\/fundacja\/wp-content\/uploads\/olfrygt-band-768x19.webp 768w, https:\/\/www.olfrygt.pl\/fundacja\/wp-content\/uploads\/olfrygt-band-1536x38.webp 1536w\" sizes=\"(max-width: 1600px) 100vw, 1600px\" \/>\t\t\t\t\t\t\t\t\t\t\t\t\t\t\t<\/div>\n\t\t\t\t\t<\/div>\n\t\t\t\t<\/div>\n\t\t<div class=\"elementor-element elementor-element-534c2bb e-flex e-con-boxed e-con e-parent\" data-id=\"534c2bb\" data-element_type=\"container\" data-e-type=\"container\" data-settings=\"{&quot;background_background&quot;:&quot;classic&quot;}\">\n\t\t\t\t\t<div class=\"e-con-inner\">\n\t\t<div class=\"elementor-element elementor-element-5c49e02 e-con-full e-flex e-con e-child\" data-id=\"5c49e02\" data-element_type=\"container\" data-e-type=\"container\">\n\t\t\t\t<div class=\"elementor-element elementor-element-bae218f elementor-widget elementor-widget-heading\" data-id=\"bae218f\" data-element_type=\"widget\" data-e-type=\"widget\" data-widget_type=\"heading.default\">\n\t\t\t\t\t<p class=\"elementor-heading-title elementor-size-default\">\u2619 <span style=\"color: #32241B\">Co nas czeka?<\/span> \u2767<\/p>\t\t\t\t<\/div>\n\t\t\t\t<\/div>\n\t\t<div class=\"elementor-element elementor-element-a242fbf e-con-full e-flex e-con e-child\" data-id=\"a242fbf\" data-element_type=\"container\" data-e-type=\"container\" data-settings=\"{&quot;background_background&quot;:&quot;gradient&quot;}\">\n\t\t\t\t<div class=\"elementor-element elementor-element-97d810f elementor-widget elementor-widget-heading\" data-id=\"97d810f\" data-element_type=\"widget\" data-e-type=\"widget\" data-widget_type=\"heading.default\">\n\t\t\t\t\t<p class=\"elementor-heading-title elementor-size-default\">Pokazy walk<\/p>\t\t\t\t<\/div>\n\t\t\t\t<div class=\"elementor-element elementor-element-80f97bc elementor-widget elementor-widget-heading\" data-id=\"80f97bc\" data-element_type=\"widget\" data-e-type=\"widget\" data-widget_type=\"heading.default\">\n\t\t\t\t\t<p class=\"elementor-heading-title elementor-size-default\">Rekonstrukcje bitew i pojedynk\u00f3w wczesno\u015bredniowiecznych wojownik\u00f3w<\/p>\t\t\t\t<\/div>\n\t\t\t\t<\/div>\n\t\t<div class=\"elementor-element elementor-element-e57cd55 e-con-full e-flex e-con e-child\" data-id=\"e57cd55\" data-element_type=\"container\" data-e-type=\"container\" data-settings=\"{&quot;background_background&quot;:&quot;gradient&quot;}\">\n\t\t\t\t<div class=\"elementor-element elementor-element-5dafef9 elementor-widget elementor-widget-heading\" data-id=\"5dafef9\" data-element_type=\"widget\" data-e-type=\"widget\" data-widget_type=\"heading.default\">\n\t\t\t\t\t<p class=\"elementor-heading-title elementor-size-default\">Warsztaty<\/p>\t\t\t\t<\/div>\n\t\t\t\t<div class=\"elementor-element elementor-element-1171fab elementor-widget elementor-widget-heading\" data-id=\"1171fab\" data-element_type=\"widget\" data-e-type=\"widget\" data-widget_type=\"heading.default\">\n\t\t\t\t\t<p class=\"elementor-heading-title elementor-size-default\">Kowalstwo, tkactwo, obr\u00f3bka sk\u00f3ry i inne rzemios\u0142a historyczne<\/p>\t\t\t\t<\/div>\n\t\t\t\t<\/div>\n\t\t<div class=\"elementor-element elementor-element-7d607c7 e-con-full e-flex e-con e-child\" data-id=\"7d607c7\" data-element_type=\"container\" data-e-type=\"container\" data-settings=\"{&quot;background_background&quot;:&quot;gradient&quot;}\">\n\t\t\t\t<div class=\"elementor-element elementor-element-356d007 elementor-widget elementor-widget-heading\" data-id=\"356d007\" data-element_type=\"widget\" data-e-type=\"widget\" data-widget_type=\"heading.default\">\n\t\t\t\t\t<p class=\"elementor-heading-title elementor-size-default\">Muzyka<\/p>\t\t\t\t<\/div>\n\t\t\t\t<div class=\"elementor-element elementor-element-64c0f2d elementor-widget elementor-widget-heading\" data-id=\"64c0f2d\" data-element_type=\"widget\" data-e-type=\"widget\" data-widget_type=\"heading.default\">\n\t\t\t\t\t<p class=\"elementor-heading-title elementor-size-default\">Zespo\u0142y graj\u0105ce na historycznych instrumentach muzycznych<\/p>\t\t\t\t<\/div>\n\t\t\t\t<\/div>\n\t\t<div class=\"elementor-element elementor-element-22ac642 e-con-full e-flex e-con e-child\" data-id=\"22ac642\" data-element_type=\"container\" data-e-type=\"container\" data-settings=\"{&quot;background_background&quot;:&quot;gradient&quot;}\">\n\t\t\t\t<div class=\"elementor-element elementor-element-1762ce0 elementor-widget elementor-widget-heading\" data-id=\"1762ce0\" data-element_type=\"widget\" data-e-type=\"widget\" data-widget_type=\"heading.default\">\n\t\t\t\t\t<p class=\"elementor-heading-title elementor-size-default\">Kuchnia<\/p>\t\t\t\t<\/div>\n\t\t\t\t<div class=\"elementor-element elementor-element-fc6af21 elementor-widget elementor-widget-heading\" data-id=\"fc6af21\" data-element_type=\"widget\" data-e-type=\"widget\" data-widget_type=\"heading.default\">\n\t\t\t\t\t<p class=\"elementor-heading-title elementor-size-default\">Potrawy przygotowane wed\u0142ug wczesno\u015bredniowiecznych receptur<\/p>\t\t\t\t<\/div>\n\t\t\t\t<\/div>\n\t\t\t\t\t<\/div>\n\t\t\t\t<\/div>\n\t\t<div class=\"elementor-element elementor-element-ff72eb0 e-flex e-con-boxed e-con e-parent\" data-id=\"ff72eb0\" data-element_type=\"container\" data-e-type=\"container\" data-settings=\"{&quot;background_background&quot;:&quot;classic&quot;}\">\n\t\t\t\t\t<div class=\"e-con-inner\">\n\t\t\t\t<div class=\"elementor-element elementor-element-36f1740 elementor-widget elementor-widget-image\" data-id=\"36f1740\" data-element_type=\"widget\" data-e-type=\"widget\" data-widget_type=\"image.default\">\n\t\t\t\t\t\t\t\t\t\t\t\t\t\t\t<img fetchpriority=\"high\" decoding=\"async\" width=\"1600\" height=\"40\" src=\"https:\/\/www.olfrygt.pl\/fundacja\/wp-content\/uploads\/olfrygt-band.webp\" class=\"attachment-full size-full wp-image-232\" alt=\"\" srcset=\"https:\/\/www.olfrygt.pl\/fundacja\/wp-content\/uploads\/olfrygt-band.webp 1600w, https:\/\/www.olfrygt.pl\/fundacja\/wp-content\/uploads\/olfrygt-band-300x8.webp 300w, https:\/\/www.olfrygt.pl\/fundacja\/wp-content\/uploads\/olfrygt-band-1024x26.webp 1024w, https:\/\/www.olfrygt.pl\/fundacja\/wp-content\/uploads\/olfrygt-band-768x19.webp 768w, https:\/\/www.olfrygt.pl\/fundacja\/wp-content\/uploads\/olfrygt-band-1536x38.webp 1536w\" sizes=\"(max-width: 1600px) 100vw, 1600px\" \/>\t\t\t\t\t\t\t\t\t\t\t\t\t\t\t<\/div>\n\t\t\t\t\t<\/div>\n\t\t\t\t<\/div>\n\t\t<div class=\"elementor-element elementor-element-188bd5b e-flex e-con-boxed e-con e-parent\" data-id=\"188bd5b\" data-element_type=\"container\" data-e-type=\"container\" data-settings=\"{&quot;background_background&quot;:&quot;classic&quot;}\">\n\t\t\t\t\t<div class=\"e-con-inner\">\n\t\t\t\t<div class=\"elementor-element elementor-element-e3dab4a elementor-widget elementor-widget-heading\" data-id=\"e3dab4a\" data-element_type=\"widget\" data-e-type=\"widget\" data-widget_type=\"heading.default\">\n\t\t\t\t\t<p class=\"elementor-heading-title elementor-size-default\">\u2619 <span style=\"color: #32241B\">Galeria z poprzednich edycji<\/span> \u2767<\/p>\t\t\t\t<\/div>\n\t\t\t\t\t<\/div>\n\t\t\t\t<\/div>\n\t\t<div class=\"elementor-element elementor-element-6610b5f e-grid e-con-boxed e-con e-parent\" data-id=\"6610b5f\" data-element_type=\"container\" data-e-type=\"container\" data-settings=\"{&quot;background_background&quot;:&quot;classic&quot;}\">\n\t\t\t\t\t<div class=\"e-con-inner\">\n\t\t\t\t<div class=\"elementor-element elementor-element-4ee923a elementor-widget elementor-widget-image\" data-id=\"4ee923a\" data-element_type=\"widget\" data-e-type=\"widget\" data-widget_type=\"image.default\">\n\t\t\t\t\t\t\t\t\t\t\t\t\t\t\t<img decoding=\"async\" width=\"800\" height=\"738\" src=\"https:\/\/www.olfrygt.pl\/fundacja\/wp-content\/uploads\/2026\/02\/Druzyna-Olfrygt-Topory-1024x944.webp\" class=\"elementor-animation-grow attachment-large size-large wp-image-54\" alt=\"\" srcset=\"https:\/\/www.olfrygt.pl\/fundacja\/wp-content\/uploads\/2026\/02\/Druzyna-Olfrygt-Topory-1024x944.webp 1024w, https:\/\/www.olfrygt.pl\/fundacja\/wp-content\/uploads\/2026\/02\/Druzyna-Olfrygt-Topory-300x277.webp 300w, https:\/\/www.olfrygt.pl\/fundacja\/wp-content\/uploads\/2026\/02\/Druzyna-Olfrygt-Topory-768x708.webp 768w, https:\/\/www.olfrygt.pl\/fundacja\/wp-content\/uploads\/2026\/02\/Druzyna-Olfrygt-Topory.webp 1536w\" sizes=\"(max-width: 800px) 100vw, 800px\" \/>\t\t\t\t\t\t\t\t\t\t\t\t\t\t\t<\/div>\n\t\t\t\t<div class=\"elementor-element elementor-element-cda2182 elementor-widget elementor-widget-image\" data-id=\"cda2182\" data-element_type=\"widget\" data-e-type=\"widget\" data-widget_type=\"image.default\">\n\t\t\t\t\t\t\t\t\t\t\t\t\t\t\t<img decoding=\"async\" width=\"800\" height=\"738\" src=\"https:\/\/www.olfrygt.pl\/fundacja\/wp-content\/uploads\/2026\/02\/Druzyna-Olfrygt-Topory-1024x944.webp\" class=\"elementor-animation-grow attachment-large size-large wp-image-54\" alt=\"\" srcset=\"https:\/\/www.olfrygt.pl\/fundacja\/wp-content\/uploads\/2026\/02\/Druzyna-Olfrygt-Topory-1024x944.webp 1024w, https:\/\/www.olfrygt.pl\/fundacja\/wp-content\/uploads\/2026\/02\/Druzyna-Olfrygt-Topory-300x277.webp 300w, https:\/\/www.olfrygt.pl\/fundacja\/wp-content\/uploads\/2026\/02\/Druzyna-Olfrygt-Topory-768x708.webp 768w, https:\/\/www.olfrygt.pl\/fundacja\/wp-content\/uploads\/2026\/02\/Druzyna-Olfrygt-Topory.webp 1536w\" sizes=\"(max-width: 800px) 100vw, 800px\" \/>\t\t\t\t\t\t\t\t\t\t\t\t\t\t\t<\/div>\n\t\t\t\t<div class=\"elementor-element elementor-element-72c6e2d elementor-widget elementor-widget-image\" data-id=\"72c6e2d\" data-element_type=\"widget\" data-e-type=\"widget\" data-widget_type=\"image.default\">\n\t\t\t\t\t\t\t\t\t\t\t\t\t\t\t<img decoding=\"async\" width=\"800\" height=\"738\" src=\"https:\/\/www.olfrygt.pl\/fundacja\/wp-content\/uploads\/2026\/02\/Druzyna-Olfrygt-Topory-1024x944.webp\" class=\"elementor-animation-grow attachment-large size-large wp-image-54\" alt=\"\" srcset=\"https:\/\/www.olfrygt.pl\/fundacja\/wp-content\/uploads\/2026\/02\/Druzyna-Olfrygt-Topory-1024x944.webp 1024w, https:\/\/www.olfrygt.pl\/fundacja\/wp-content\/uploads\/2026\/02\/Druzyna-Olfrygt-Topory-300x277.webp 300w, https:\/\/www.olfrygt.pl\/fundacja\/wp-content\/uploads\/2026\/02\/Druzyna-Olfrygt-Topory-768x708.webp 768w, https:\/\/www.olfrygt.pl\/fundacja\/wp-content\/uploads\/2026\/02\/Druzyna-Olfrygt-Topory.webp 1536w\" sizes=\"(max-width: 800px) 100vw, 800px\" \/>\t\t\t\t\t\t\t\t\t\t\t\t\t\t\t<\/div>\n\t\t\t\t<div class=\"elementor-element elementor-element-cce36c8 elementor-widget elementor-widget-image\" data-id=\"cce36c8\" data-element_type=\"widget\" data-e-type=\"widget\" data-widget_type=\"image.default\">\n\t\t\t\t\t\t\t\t\t\t\t\t\t\t\t<img decoding=\"async\" width=\"800\" height=\"738\" src=\"https:\/\/www.olfrygt.pl\/fundacja\/wp-content\/uploads\/2026\/02\/Druzyna-Olfrygt-Topory-1024x944.webp\" class=\"elementor-animation-grow attachment-large size-large wp-image-54\" alt=\"\" srcset=\"https:\/\/www.olfrygt.pl\/fundacja\/wp-content\/uploads\/2026\/02\/Druzyna-Olfrygt-Topory-1024x944.webp 1024w, https:\/\/www.olfrygt.pl\/fundacja\/wp-content\/uploads\/2026\/02\/Druzyna-Olfrygt-Topory-300x277.webp 300w, https:\/\/www.olfrygt.pl\/fundacja\/wp-content\/uploads\/2026\/02\/Druzyna-Olfrygt-Topory-768x708.webp 768w, https:\/\/www.olfrygt.pl\/fundacja\/wp-content\/uploads\/2026\/02\/Druzyna-Olfrygt-Topory.webp 1536w\" sizes=\"(max-width: 800px) 100vw, 800px\" \/>\t\t\t\t\t\t\t\t\t\t\t\t\t\t\t<\/div>\n\t\t\t\t<div class=\"elementor-element elementor-element-f879f76 elementor-widget elementor-widget-image\" data-id=\"f879f76\" data-element_type=\"widget\" data-e-type=\"widget\" data-widget_type=\"image.default\">\n\t\t\t\t\t\t\t\t\t\t\t\t\t\t\t<img decoding=\"async\" width=\"800\" height=\"738\" src=\"https:\/\/www.olfrygt.pl\/fundacja\/wp-content\/uploads\/2026\/02\/Druzyna-Olfrygt-Topory-1024x944.webp\" class=\"elementor-animation-grow attachment-large size-large wp-image-54\" alt=\"\" srcset=\"https:\/\/www.olfrygt.pl\/fundacja\/wp-content\/uploads\/2026\/02\/Druzyna-Olfrygt-Topory-1024x944.webp 1024w, https:\/\/www.olfrygt.pl\/fundacja\/wp-content\/uploads\/2026\/02\/Druzyna-Olfrygt-Topory-300x277.webp 300w, https:\/\/www.olfrygt.pl\/fundacja\/wp-content\/uploads\/2026\/02\/Druzyna-Olfrygt-Topory-768x708.webp 768w, https:\/\/www.olfrygt.pl\/fundacja\/wp-content\/uploads\/2026\/02\/Druzyna-Olfrygt-Topory.webp 1536w\" sizes=\"(max-width: 800px) 100vw, 800px\" \/>\t\t\t\t\t\t\t\t\t\t\t\t\t\t\t<\/div>\n\t\t\t\t<div class=\"elementor-element elementor-element-ab304b7 elementor-widget elementor-widget-image\" data-id=\"ab304b7\" data-element_type=\"widget\" data-e-type=\"widget\" data-widget_type=\"image.default\">\n\t\t\t\t\t\t\t\t\t\t\t\t\t\t\t<img decoding=\"async\" width=\"800\" height=\"738\" src=\"https:\/\/www.olfrygt.pl\/fundacja\/wp-content\/uploads\/2026\/02\/Druzyna-Olfrygt-Topory-1024x944.webp\" class=\"elementor-animation-grow attachment-large size-large wp-image-54\" alt=\"\" srcset=\"https:\/\/www.olfrygt.pl\/fundacja\/wp-content\/uploads\/2026\/02\/Druzyna-Olfrygt-Topory-1024x944.webp 1024w, https:\/\/www.olfrygt.pl\/fundacja\/wp-content\/uploads\/2026\/02\/Druzyna-Olfrygt-Topory-300x277.webp 300w, https:\/\/www.olfrygt.pl\/fundacja\/wp-content\/uploads\/2026\/02\/Druzyna-Olfrygt-Topory-768x708.webp 768w, https:\/\/www.olfrygt.pl\/fundacja\/wp-content\/uploads\/2026\/02\/Druzyna-Olfrygt-Topory.webp 1536w\" sizes=\"(max-width: 800px) 100vw, 800px\" \/>\t\t\t\t\t\t\t\t\t\t\t\t\t\t\t<\/div>\n\t\t\t\t<div class=\"elementor-element elementor-element-8fc0ea3 elementor-widget elementor-widget-image\" data-id=\"8fc0ea3\" data-element_type=\"widget\" data-e-type=\"widget\" data-widget_type=\"image.default\">\n\t\t\t\t\t\t\t\t\t\t\t\t\t\t\t<img decoding=\"async\" width=\"800\" height=\"738\" src=\"https:\/\/www.olfrygt.pl\/fundacja\/wp-content\/uploads\/2026\/02\/Druzyna-Olfrygt-Topory-1024x944.webp\" class=\"elementor-animation-grow attachment-large size-large wp-image-54\" alt=\"\" srcset=\"https:\/\/www.olfrygt.pl\/fundacja\/wp-content\/uploads\/2026\/02\/Druzyna-Olfrygt-Topory-1024x944.webp 1024w, https:\/\/www.olfrygt.pl\/fundacja\/wp-content\/uploads\/2026\/02\/Druzyna-Olfrygt-Topory-300x277.webp 300w, https:\/\/www.olfrygt.pl\/fundacja\/wp-content\/uploads\/2026\/02\/Druzyna-Olfrygt-Topory-768x708.webp 768w, https:\/\/www.olfrygt.pl\/fundacja\/wp-content\/uploads\/2026\/02\/Druzyna-Olfrygt-Topory.webp 1536w\" sizes=\"(max-width: 800px) 100vw, 800px\" \/>\t\t\t\t\t\t\t\t\t\t\t\t\t\t\t<\/div>\n\t\t\t\t<div class=\"elementor-element elementor-element-3d76483 elementor-widget elementor-widget-image\" data-id=\"3d76483\" data-element_type=\"widget\" data-e-type=\"widget\" data-widget_type=\"image.default\">\n\t\t\t\t\t\t\t\t\t\t\t\t\t\t\t<img decoding=\"async\" width=\"800\" height=\"738\" src=\"https:\/\/www.olfrygt.pl\/fundacja\/wp-content\/uploads\/2026\/02\/Druzyna-Olfrygt-Topory-1024x944.webp\" class=\"elementor-animation-grow attachment-large size-large wp-image-54\" alt=\"\" srcset=\"https:\/\/www.olfrygt.pl\/fundacja\/wp-content\/uploads\/2026\/02\/Druzyna-Olfrygt-Topory-1024x944.webp 1024w, https:\/\/www.olfrygt.pl\/fundacja\/wp-content\/uploads\/2026\/02\/Druzyna-Olfrygt-Topory-300x277.webp 300w, https:\/\/www.olfrygt.pl\/fundacja\/wp-content\/uploads\/2026\/02\/Druzyna-Olfrygt-Topory-768x708.webp 768w, https:\/\/www.olfrygt.pl\/fundacja\/wp-content\/uploads\/2026\/02\/Druzyna-Olfrygt-Topory.webp 1536w\" sizes=\"(max-width: 800px) 100vw, 800px\" \/>\t\t\t\t\t\t\t\t\t\t\t\t\t\t\t<\/div>\n\t\t\t\t\t<\/div>\n\t\t\t\t<\/div>\n\t\t<div class=\"elementor-element elementor-element-4ddfb94 e-flex e-con-boxed e-con e-parent\" data-id=\"4ddfb94\" data-element_type=\"container\" data-e-type=\"container\" data-settings=\"{&quot;background_background&quot;:&quot;classic&quot;}\">\n\t\t\t\t\t<div class=\"e-con-inner\">\n\t\t\t\t<div class=\"elementor-element elementor-element-bc5e0b7 elementor-widget elementor-widget-heading\" data-id=\"bc5e0b7\" data-element_type=\"widget\" data-e-type=\"widget\" data-widget_type=\"heading.default\">\n\t\t\t\t\t<p class=\"elementor-heading-title elementor-size-default\">Wi\u0119cej zdj\u0119\u0107 z naszych wydarze\u0144 znajdziesz na naszym profilu Facebook i Instagram.<\/p>\t\t\t\t<\/div>\n\t\t\t\t\t<\/div>\n\t\t\t\t<\/div>\n\t\t\t\t<\/div>\n\t\t","protected":false},"excerpt":{"rendered":"<p>\u2619 Festiwal \u2767 Corocznie organizujemy wydarzenia przybli\u017caj\u0105ce kultur\u0119 wczesnego \u015bredniowiecza. Pokazy walk, warsztaty rzemie\u015blnicze, muzyka i kuchnia z epoki. \u2619 Nadchodz\u0105ce wydarzenie \u2767 2025 Festiwal S\u0142owia\u0144ski w Osadzie Racibory DataLipiec 2025 MiejsceOsada Racibory Uczestnik\u00f3wWst\u0119p wolny Zapraszamy na coroczny Festiwal S\u0142owia\u0144ski! Podczas wydarzenia b\u0119dziecie mogli zobaczy\u0107 pokazy walk wczesno\u015bredniowiecznych, wzi\u0105\u0107 udzia\u0142 w warsztatach rzemie\u015blniczych, pos\u0142ucha\u0107 muzyki [&hellip;]<\/p>\n","protected":false},"author":2,"featured_media":0,"parent":12,"menu_order":0,"comment_status":"closed","ping_status":"closed","template":"","meta":{"footnotes":""},"class_list":["post-140","page","type-page","status-publish","hentry"],"post_mailing_queue_ids":[],"_links":{"self":[{"href":"https:\/\/www.olfrygt.pl\/fundacja\/wp-json\/wp\/v2\/pages\/140","targetHints":{"allow":["GET"]}}],"collection":[{"href":"https:\/\/www.olfrygt.pl\/fundacja\/wp-json\/wp\/v2\/pages"}],"about":[{"href":"https:\/\/www.olfrygt.pl\/fundacja\/wp-json\/wp\/v2\/types\/page"}],"author":[{"embeddable":true,"href":"https:\/\/www.olfrygt.pl\/fundacja\/wp-json\/wp\/v2\/users\/2"}],"replies":[{"embeddable":true,"href":"https:\/\/www.olfrygt.pl\/fundacja\/wp-json\/wp\/v2\/comments?post=140"}],"version-history":[{"count":10,"href":"https:\/\/www.olfrygt.pl\/fundacja\/wp-json\/wp\/v2\/pages\/140\/revisions"}],"predecessor-version":[{"id":241,"href":"https:\/\/www.olfrygt.pl\/fundacja\/wp-json\/wp\/v2\/pages\/140\/revisions\/241"}],"up":[{"embeddable":true,"href":"https:\/\/www.olfrygt.pl\/fundacja\/wp-json\/wp\/v2\/pages\/12"}],"wp:attachment":[{"href":"https:\/\/www.olfrygt.pl\/fundacja\/wp-json\/wp\/v2\/media?parent=140"}],"curies":[{"name":"wp","href":"https:\/\/api.w.org\/{rel}","templated":true}]}}